ighest common factor of 8030561 and 77?
77
Calculate the highest common factor of 228 and 33081736.
76
Calculate the highest common factor of 5870 and 26776005.
2935
What is the greatest common divisor of 717020 and 31660?
20
What is the highest common factor of 96515187 and 51441?
3957
Calculate the greatest common factor of 10472 and 37355256.
136
What is the greatest common factor of 43 and 341738845?
43
What is the highest common factor of 1350 and 3901875?
75
Calculate the highest common factor of 41578280 and 12591.
1399
What is the highest common divisor of 198246 and 8552402?
3478
Calculate the greatest common divisor of 18 and 12002778.
18
Calculate the highest common divisor of 71150736 and 144.
48
Calculate the highest common factor of 184 and 22353631.
23
What is the highest common factor of 1146354 and 147620?
242
Calculate the greatest common divisor of 41161212 and 2079438.
19434
What is the highest common factor of 502773 and 8367992?
5779
What is the highest common factor of 62462658 and 10370?
2074
What is the greatest common divisor of 45384 and 2968626?
366
Calculate the highest common divisor of 855029 and 623.
7
Calculate the greatest common divisor of 2553882 and 2390106.
5118
What is the greatest common divisor of 2536 and 2669457?
317
What is the highest common divisor of 243138 and 11?
1
What is the highest common divisor of 870963 and 10950?
219
Calculate the greatest common divisor of 165147048 and 792.
792
Calculate the greatest common divisor of 2760 and 377628168.
552
What is the highest common factor of 71724 and 84259020?
1668
What is the highest common factor of 558 and 62080476?
186
What is the greatest common divisor of 2240 and 866660?
20
What is the highest common divisor of 37 and 182149964?
37
What is the highest common divisor of 36346 and 37706?
34
Calculate the greatest common factor of 113151789 and 138.
69
Calculate the greatest common factor of 9246 and 2034857.
67
What is the greatest common factor of 2958837 and 525?
21
Calculate the highest common factor of 656 and 843088.
16
What is the greatest common factor of 86 and 46807822?
86
Calculate the greatest common divisor of 181830 and 51840690.
9570
What is the highest common divisor of 819875190 and 30?
30
Calculate the greatest common factor of 9 and 57580284.
3
What is the greatest common factor of 364 and 32979076?
52
What is the highest common divisor of 64022 and 14416?
34
What is the greatest common divisor of 1107843 and 66198?
1947
What is the highest common divisor of 186237804 and 3833?
3833
Calculate the greatest common divisor of 20461546 and 3858.
1286
What is the greatest common factor of 504279 and 339606?
513
Calculate the highest common factor of 30982252 and 756.
28
What is the greatest common divisor of 3498 and 10821646?
1166
Calculate the highest common factor of 16807524 and 6.
6
What is the highest common divisor of 412533 and 2195083?
5093
What is the highest common divisor of 1103 and 16074019?
1103
Calculate the highest common divisor of 13170 and 2274.
6
Calculate the greatest common factor of 369 and 2590503.
123
Calculate the greatest common factor of 140174072 and 16.
8
Calculate the highest common factor of 1456 and 4620564.
52
What is the greatest common factor of 158516 and 283682?
46
What is the highest common factor of 221494 and 686?
14
Calculate the highest common factor of 246144 and 21855536.
10256
What is the greatest common factor of 2263 and 157140457?
2263
Calculate the highest common factor of 2512573 and 188846.
2303
What is the greatest common factor of 7192 and 5102086?
58
What is the greatest common divisor of 2048 and 6690304?
512
What is the greatest common divisor of 476 and 21588742?
238
Calculate the highest common factor of 133171908 and 620.
124
Calculate the greatest common factor of 129761 and 243.
1
Calculate the greatest common divisor of 2947161 and 8547.
777
Calculate the greatest common factor of 23358137 and 957.
319
What is the highest common factor of 19 and 71233679?
19
What is the highest common factor of 542488 and 2466179?
3569
What is the greatest common divisor of 14649963 and 51?
3
Calculate the highest common factor of 1089 and 140094603.
99
Calculate the highest common factor of 19094782 and 994.
14
What is the highest common divisor of 143403376 and 725?
29
What is the highest common divisor of 1998 and 88282?
74
What is the greatest common factor of 541 and 12553?
1
Calculate the highest common factor of 11381570 and 925.
185
Calculate the greatest common divisor of 16 and 5538798.
2
What is the greatest common factor of 3744 and 3259296?
288
What is the greatest common factor of 112655 and 1535?
5
What is the highest common factor of 17284323 and 172?
43
Calculate the greatest common factor of 12554868 and 24.
12
What is the greatest common divisor of 8 and 422841448?
8
Calculate the highest common divisor of 306003400 and 30600.
3400
Calculate the highest common factor of 2245412 and 15080.
1508
Calculate the greatest common factor of 25 and 360825.
25
What is the greatest common factor of 44591958 and 486?
486
What is the highest common divisor of 5940 and 201357420?
660
Calculate the greatest common factor of 12767641 and 199.
199
Calculate the highest common factor of 3122 and 512666.
14
Calculate the greatest common factor of 575 and 2517050.
25
What is the highest common factor of 2487322 and 27499?
107
Calculate the highest common factor of 5678 and 189380.
34
What is the highest common divisor of 768 and 30513696?
96
What is the highest common factor of 1060200 and 499782?
186
Calculate the greatest common factor of 1113101973 and 81.
27
Calculate the greatest common factor of 1642840898 and 4924.
2462
Calculate the greatest common divisor of 17 and 10207633.
17
What is the highest common divisor of 5343 and 9079401?
411
Calculate the highest common factor of 13868868 and 9256.
52
Calculate the greatest common divisor of 43932783 and 391.
23
What is the greatest common divisor of 11150 and 3377558?
446
Calculate the greatest common factor of 40269244 and 157.
157
What is the greatest common divisor of 1000 and 117812000?
1000
What is the highest common factor of 29751 and 4604073?
141
What is the highest common factor of 464300288 and 224?
32
What is the greatest common factor of 4635 and 90882153?
927
What is the highest common factor of 20226844 and 4048?
1012
What is the greatest common divisor of 75 and 30662070?
15
What is the highest common factor of 620044145 and 238?
119
Calculate the highest common factor of 5536649 and 14678.
179
Calculate the greatest common divisor of 12680 and 105388552.
2536
What is the greatest common factor of 5758384 and 86173?
5069
Calculate the highest common divisor of 199 and 161397955.
199
What is the highest common factor of 72961 and 20776?
49
What is the greatest common divisor of 513485 and 50054?
863
Calculate the greatest common divisor of 10725970 and 47570.
710
What is the greatest common divisor of 27285357 and 10659?
561
What is the highest common factor of 361 and 107457407?
19
Calculate the greatest common divisor of 302205464 and 2024.
2024
Calculate the highest common factor of 2073149 and 1807.
13
What is the highest common divisor of 12505444 and 830?
166
Calculate the highest common divisor of 22714 and 4713986.
554
What is the highest common divisor of 2 and 2795783?
1
What is the greatest common divisor of 3366926 and 222?
74
What is the greatest common divisor of 39553327 and 25289?
1331
What is the highest common factor of 506 and 1049378?
22
Calculate the greatest common factor of 11 and 70840638.
11
What is the greatest common factor of 40856366 and 842?
842
What is the greatest common factor of 15131189 and 157?
157
Calculate the highest common divisor of 18704179 and 39624.
1651
Calculate the greatest common factor of 2166 and 19675146.
114
Calculate the highest common factor of 2141342 and 21.
7
Calculate the greatest common factor of 38216 and 13631872.
2248
Calculate the highest common factor of 7612 and 308528.
44
What is the highest common divisor of 748 and 42115188?
68
Calculate the highest common divisor of 84946 and 18.
2
What is the greatest common factor of 3990 and 42585?
15
What is